).
-31
Calculate (3 - -15) + -27 + -1.
-10
Calculate (-90 - 38 - 39) + 94.
-73
Calculate 13 + -5 + 29 + (63 - 55).
45
Calculate -31 - (42 + 3 + -16 + 19).
-79
What is (-19 - -11) + 20 - 12 - 61 - 1?
-62
-8 + (-79 - (-18 - 7)) - (-6 + 0)
-56
Evaluate 415 + -392 - (51 + 0 + 9).
-37
What is the value of 110 - 14 - (-17 - -223)?
-110
What is the value of -19 - (-61 - (11 + 11 - 53))?
11
Evaluate 25 + -1 - (80 + (136 - 220)).
28
What is 54 + (-53 + 12 - -18)?
31
Calculate 1 - -10 - (-12 + -35 + 54 - 19).
23
What is -10082 - -10067 - ((-1 - 57) + 0)?
43
Calculate 13 + (-7 - (-12 + 16 + (11 - 21))) - 14.
-2
21 - ((75 - 14) + -34)
-6
What is (-1 - (-5 + 0 - (-45 + 45))) + 50?
54
What is (1 - (-22 + -10 + 9)) + (-2 - -8 - -1)?
31
Evaluate -82 - (30 - 16 - 51).
-45
What is -17 + -23 + 66 + -15 - (0 - -19)?
-8
What is the value of -28 + 22 + 44 + 3 + -26 + 3?
18
1 + 43 + (19 + 11 - (11 - (-12 + 2)))
53
-43 + (-33 - -17 - (-2 - 13)) + -10 + -3
-57
12 + 9 + -11 + (18 - (9 - -10))
9
Calculate 98 - 83 - (7 - (24 - 1)).
31
Calculate 32 - -10 - (-1 + (19 + -9 - 1)).
34
Evaluate (-3 - 39) + 5 + -26 + 47.
-16
What is (-1 - -4) + (-164 + 458 - 249)?
48
Calculate -31 + (-27 - -16) - -36.
-6
What is the value of (10 - 92 - -104) + 59?
81
What is (-1 - -4) + 2 + (-1 - 1 - 56) + 11?
-42
-82 - (-12 - 42) - 4
-32
What is the value of 0 - (-16 + 4 + 11 - (5 - -6))?
12
Calculate -10 - (-16 + 7 + (8 - (16 + -5))).
2
Calculate 2 + -33 - (-15 + (32 - -10) - 37).
-21
Evaluate -319 - -300 - (23 + 4 - -4).
-50
Calculate 7 + (-15 + 2 - -1 - 3) + 38.
30
60 + (0 - 5 - -3) - (58 + (-60 - 9))
69
What is the value of (-7 - 2) + (-17 + 7 + 27 - (22 + 1))?
-15
What is the value of 39 + (-3 - 15 - 43) - (52 - -2)?
-76
Calculate 2 - -8 - (2 + -17 - (49 + -53)).
21
What is the value of (-35 - (8 + 35)) + 41?
-37
What is the value of 37 - ((20 - 31) + 44 - -75)?
-71
What is the value of -37 + 62 + -55 - (-8 - 1) - -102?
81
Evaluate -1 + -22 - ((-46 - -158) + -91).
-44
(132 - (49 + 75)) + 70
78
-14 - (16 + 1 + -26) - -29
24
15 + 14 + -16 + -3 + 27
37
Evaluate 37 + -70 + (-16 - -24) + -12.
-37
What is the value of 19 + -4 + (-127 - -56) + 45?
-11
-12 + (0 - 1) + 2 - (-769 + 720)
38
What is the value of 77 - (-18 + 49) - 45?
1
Evaluate -3 - (-65 - -62) - -50.
50
-16 - 14 - (-16 + 51)
-65
What is the value of 4 + 2 + 6 + (6 - (-13 + 2))?
29
6 + -46 + (7 - 3) + 9
-27
33 - (14 - -14 - 2 - 19)
26
What is the value of (250 - 212) + (-73 - -1) + -28?
-62
What is the value of (-29 - -224) + -19 + -92?
84
What is 8 - (1 - 8 - (-23 + -39))?
-47
Evaluate (-65 + (74 - 52) - -47) + (36 - (1 + -1)).
40
Evaluate -22 - -36 - (3 - -17).
-6
What is 0 - (-28 + (19 - -7)) - (1 + 21 - 1)?
-19
What is the value of 7 + 27 - (26 + -22 + 3 + -2 + 4)?
25
(-17 - (-19 - -11) - 2) + -1 + 2 + -2
-12
What is 137 - (198 - 119) - -40?
98
What is the value of -6 - (19 - 51) - -11?
37
(-2 - (-5 - -4) - -10) + (29 - 76 - -77)
39
-12 - (1 + -2) - (-29 - 25 - -40)
3
Evaluate (12 - 8) + 11 - -39 - -11 - -11.
76
Evaluate 22 - (1 - (1 + -106) - (-3709 - -3714)).
-79
96 - 41 - (-9 + -1 - (55 - 53))
67
Evaluate (-6 - (-2 + -44) - 4) + 55 + -54.
37
Calculate (-50 - (-3 + -22) - -58) + 27.
60
Evaluate 24 + (-20 - (0 + 2 - (191 - 173))).
20
2 + 14 - (-29 + 12 + 42)
-9
-13 - (20 + (147 - 181 - (1 - 18)))
-16
Calculate -13 - ((-2 - 12) + (1 - (-4 - 9))).
-13
What is the value of -11 + (-39 - 3) + 23 - -23?
-7
-79 + (14 - ((-11 - -18 - -2) + 2) - 6)
-82
What is the value of 23 - -12 - (66 - 13)?
-18
Calculate (-68 - (-38 + -108)) + -41.
37
Calculate 28 - (27 - (-21 + 7)) - -30.
17
Calculate 116 - 155 - (-38 + -33).
32
What is the value of -85 - -105 - (5 + -10 + -68) - (10 + 1)?
82
Evaluate -90 - (1 - 86 - -45).
-50
6 - ((-10 - 9) + 37) - (21 - 1)
-32
What is the value of 33 - (-24 + -41 + 115)?
-17
What is the value of 0 + -10 + (-214 - -212) + -9?
-21
Calculate 134 + -90 + (1 - (4 - -2)) + 2.
41
Evaluate -1464 + 1464 + (1 + -2 + -8 - 1).
-10
What is the value of -2 - 74 - (-115 - -47)?
-8
What is (-2 - (2 - -4)) + (342 + -395 - (-33 + -2))?
-26
What is (-49 - 0 - (-6 + -10)) + -21 + 0?
-54
What is the value of -1 + 5 + (103 - 24) + -113?
-30
-181 - -132 - (16 + -33)
-32
Calculate -9 + -9 + 16 - 37.
-39
What is -19 + -12 + 76 - ((-3 - -11) + -1 + -4)?
42
Evaluate 145 + (138 - 176) + -167.
-60
What is (-16 - (-42 - (-26 - -12))) + (6 - -1)?
19
What is 7 + -1 + (39 + -13 - 64) + 90?
58
What is the value of (-16 - -1) + (-2561 - -2543)?
-33
What is the value of 151 + -210 - (-6 + 3 + -10)?
-46
Evaluate -3 + (2 - -2) - (-100 - 2 - 17).
120
What is 14 - (2 - 5 - 9)?
26
Calculate 9 + 28 + -10 - (28 + -9 + -11).
19
What is the value of -14 + 55 + 115 + -36?
120
What is (-51 + 17 - -55) + (-9 - -8)?
20
Calculate -26 - (-5 - (-18 + 19 - (9 + -1))).
-28
What is -2 - (8 + -2) - (-28 + 31 + 21 - 66)?
34
What is the value of 45 - (39 - 16) - (-1 + 0)?
23
What is the value of 43 + (94 + -96 - (3 - 0))?
38
What is (-4 - ((7 - 9) + 9)) + 25 + 8?
22
-12 + 40 + (-43 - 1)
-16
1 - 1 - (-223 - -183 - (-26 - -7))
21
(1 - 12 - -1) + (1 + 0 - (13 + -89))
67
What is -16 - (-10 + 38) - -1?
-43
Calculate -27 - (-52 + -10 + -18 - -29).
24
What is the value of -36 - (289 + -318 + 0 + 7)?
-14
What is -37 - (-4 + 7 + -3 + (6 - (22 + -9)))?
-30
What is -70 + (4 - 7) + 2055 + -2077?
-95
Evaluate (0 - 2) + -15 - (275 + (-8 - 226)).
-58
Evaluate (25 + 41 - (-2 - (-3 - -4))) + (-8 - -15).
76
What is 35 + (-54 - 95) + 92?
-22
Evaluate 7 + 1 + -1 - (-129 - (-40 - 120)).
-24
-117 - -137 - (86 + -17)
-49
Evaluate -1 + (15 - 27) + -139.
-152
Evaluate (-6 - (4 + (-10 - 7))) + -20 + 0 + -7.
-20
Calculate -50 - ((-86 - (11 + -54)) + 73).
-80
What is -10 + (-3 - -2) - (11 + -2 + -46)?
26
Calculate -14 - -9 - (-52 + 84 - -20).
-57
What is the value of 35 - (-17 + (-56 - (24 + -45)))?
87
What is 0 - 9 - (8 + (-123 - ((7 - -4) + -29)))?
88
What is -6 - (0 + 1 + (-22 - (12 + -52)))?
-25
Evaluate 285 + -267 + (4 - 0 - 6).
16
19 - 9 - (-63 - (-22 - -23))
74
Calculate (-175 + 551 - 382) + -105 + (-4 - (0 - 2)).
-113
What is the value of -4 - (37 + 55 + -35)?
-61
Calculate -23 + (2 - (11 + -2 - -9 - (3 - -3))).
-33
What is 59 - (-45 + 151) - 3?
-50
Evaluate (147 - 187) + (-13 - -36).
-17
What is the value of 101 + (-61 - (92 - 91))?
39
Calculate -2 + 47 - (-2 - (-14 - (-15 - (-22 + 20)))).
46
(0 - -21) + 4 + 25 + -45 + 14
19
Calculate 62 + -79 + -107 + (-58 - -32).
-150
What is (-164 + 173 - ((4 - 2) + 19)) + -3?
-15
Calculate (-27 + 33 - 17) + (-4 - (0 + -85)).
70
30 - (96 + (1 - 48)) - (-2 + (-9 - 1))
-7
What is the value of 3 + 23 - (57 - (65 + 16))?
50
What is the value of 23 - -1 - (-90 + (23 - -69))?
22
Evaluate -17 + (-12 + 103 - -37).
111
Calculate -41 - (18 + (-91 - -42)).
-10
Calculate 23 - (-11 - (-32 + 11 + (-16 - -32))).
29
What is (-4 - (-4 - -83)) + 30 + (43 - 96)?
-106
What is the value of -2 + -39 + 7 + -346 + 341?
-39
What is (-43 - (-38 - -31 - 24)) + 93 + -2 + 2?
81
-2 + -11 + -88 + 0 + 6 + 2
-93
Calculate -20 - (11 - (9 + 71)).
49
(-5 + -8 + 4 + 10 - -4) + -72
-67
Calculate -23 - (75 + -54 + 0 + -43).
-1
Calculate (-115 - (141 + -248)) + (-3 - -2 - 89).
-98
Calculate 73 - (-28 + (-9 - -64)).
46
Calculate -259 + 256 - ((-1 - -4) + (-55 - -74)).
-25
Evaluate 49 + (-6 + 10 - 8) - (-21 + 22) - 1.
43
(47 - -1 - -1) + -1
48
What is the value of -1635 + 1477 + 71 + 8?
-79
-4 + -1 + 34 - ((-3 - -25) + (-30 - -12))
25
What is -50 + 1 - (5 - (87 - 64))?
-31
Calculate (-43 + 53 - (-6 - (2 - 30))) + 63.
51
Calculate -46 + 21 + 42 - (4 + -6).
19
82 + -62 + (-2 - 40)
-22
What is 45 + -29 + 8 + (11 + -14 - -12)?
33
What is the value of (0 - -2) + (-7 - -11 - 0) + (-378 - -336)?
-36
Evaluate -38 + 15 - 17 - (-25 + 4).
-19
Evaluate 5 + 83 + -8 + 4 + 11 + 80 + -93.
82
Evaluate 16 - (-26 + (-17 - (-31 + 9))).
37
-32 + -11 + 34 + 5 + 0 + -3 - 26
-33
What is 25 + (-13 - 15 - 0) + -35?
-38
What is the value of (-55 - -36) + 26 + -48?
-41
Calculate 2 + -56 + 26 + -40 + 14.
-54
What is -8 + (12 + (13 - 20) - -2) - (-52 - 1)?
52
Evaluate -26 + 3 + (55 - -1).
33
Evaluate 90 + -81 + (-2 - -2 - (-21 + 8 + -80)).
102
Calculate 23 + (-22 - (-10 + 14 - 14)).
11
0 + 4 + -7 + -12 + (-1 - 9)
-25
Calculate -2 + -17 + (11 - 1) + -6 + 11.
-4
What is -7 - 9 - (-60 - -44)?
0
Evaluate 59 - (113 - 32) - 